{"id":165,"date":"2017-11-10T13:43:16","date_gmt":"2017-11-10T13:43:16","guid":{"rendered":"http:\/\/mscichowski.com.pl\/?page_id=165"},"modified":"2017-11-13T14:07:51","modified_gmt":"2017-11-13T14:07:51","slug":"home","status":"publish","type":"page","link":"https:\/\/mscichowski.com.pl\/","title":{"rendered":""},"content":{"rendered":"<p><strong>Bart\u0142omiej M\u015bcichowski <\/strong>jest licencjonowanym brokerem ubezpieczeniowym od lipca 2013 roku (nr licencji KNF 1976\/13), kt\u00f3ry w ramach \u015bwiadczonych us\u0142ug zapewnia przeprowadzenie kilkuetapowego procesu zmierzaj\u0105cego do zoptymalizowania zakres\u00f3w i koszt\u00f3w program\u00f3w ubezpieczeniowych dla swoich Klient\u00f3w.<\/p>\n","protected":false},"excerpt":{"rendered":"<p>Bart\u0142omiej M\u015bcichowski jest licencjonowanym brokerem ubezpieczeniowym od lipca 2013 roku (nr licencji KNF 1976\/13), kt\u00f3ry &hellip; <a href=\"https:\/\/mscichowski.com.pl\/\" class=\"more-link\"><span class=\"more-button\">Wi\u0119cej &gt;<span class=\"screen-reader-text\"><\/span><\/span><\/a><\/p>\n","protected":false},"author":1,"featured_media":0,"parent":0,"menu_order":0,"comment_status":"closed","ping_status":"closed","template":"","meta":{"footnotes":""},"_links":{"self":[{"href":"https:\/\/mscichowski.com.pl\/index.php?rest_route=\/wp\/v2\/pages\/165"}],"collection":[{"href":"https:\/\/mscichowski.com.pl\/index.php?rest_route=\/wp\/v2\/pages"}],"about":[{"href":"https:\/\/mscichowski.com.pl\/index.php?rest_route=\/wp\/v2\/types\/page"}],"author":[{"embeddable":true,"href":"https:\/\/mscichowski.com.pl\/index.php?rest_route=\/wp\/v2\/users\/1"}],"replies":[{"embeddable":true,"href":"https:\/\/mscichowski.com.pl\/index.php?rest_route=%2Fwp%2Fv2%2Fcomments&post=165"}],"version-history":[{"count":5,"href":"https:\/\/mscichowski.com.pl\/index.php?rest_route=\/wp\/v2\/pages\/165\/revisions"}],"predecessor-version":[{"id":264,"href":"https:\/\/mscichowski.com.pl\/index.php?rest_route=\/wp\/v2\/pages\/165\/revisions\/264"}],"wp:attachment":[{"href":"https:\/\/mscichowski.com.pl\/index.php?rest_route=%2Fwp%2Fv2%2Fmedia&parent=165"}],"curies":[{"name":"wp","href":"https:\/\/api.w.org\/{rel}","templated":true}]}}